at is the remainder when 1030236 is divided by 340?
36
What is the remainder when 148795739 is divided by 1905?
1904
What is the remainder when 3020459 is divided by 1039?
86
Calculate the remainder when 927041 is divided by 185401.
36
What is the remainder when 765226 is divided by 85025?
1
What is the remainder when 1201927 is divided by 364?
363
Calculate the remainder when 4237120 is divided by 1059277.
12
Calculate the remainder when 1158224 is divided by 57.
41
What is the remainder when 1062108 is divided by 484?
212
Calculate the remainder when 3297076 is divided by 7343.
69
What is the remainder when 17648552 is divided by 118?
0
What is the remainder when 428782 is divided by 40?
22
What is the remainder when 2698796 is divided by 143?
100
Calculate the remainder when 170369182 is divided by 14816.
14814
What is the remainder when 17442 is divided by 3339?
747
What is the remainder when 18335324 is divided by 1067?
1063
What is the remainder when 11093 is divided by 4451?
2191
What is the remainder when 15191170 is divided by 5063719?
13
Calculate the remainder when 10983992 is divided by 340.
292
What is the remainder when 4790489 is divided by 6873?
8
What is the remainder when 592541 is divided by 15?
11
What is the remainder when 558036 is divided by 22240?
2036
Calculate the remainder when 5637711 is divided by 330.
321
Calculate the remainder when 4962 is divided by 1232.
34
What is the remainder when 102207409 is divided by 9?
7
What is the remainder when 339756 is divided by 1877?
19
Calculate the remainder when 31912957 is divided by 92.
89
What is the remainder when 8066461 is divided by 107?
52
What is the remainder when 22804149 is divided by 1192?
1189
What is the remainder when 5793506 is divided by 1448353?
94
Calculate the remainder when 20979691 is divided by 505.
476
Calculate the remainder when 52105 is divided by 215.
75
What is the remainder when 142986 is divided by 285?
201
What is the remainder when 4672444063 is divided by 466?
465
What is the remainder when 67007 is divided by 22135?
602
Calculate the remainder when 140443 is divided by 20048.
107
Calculate the remainder when 31012 is divided by 77.
58
What is the remainder when 243444 is divided by 8?
4
What is the remainder when 159694 is divided by 77556?
4582
Calculate the remainder when 77773 is divided by 72308.
5465
What is the remainder when 1335224 is divided by 51?
44
What is the remainder when 75544 is divided by 2751?
1267
What is the remainder when 5232054 is divided by 71?
64
Calculate the remainder when 200692 is divided by 8689.
845
Calculate the remainder when 400409 is divided by 79985.
484
What is the remainder when 493185274 is divided by 13?
10
What is the remainder when 36068 is divided by 6694?
2598
What is the remainder when 239664 is divided by 15?
9
What is the remainder when 157038 is divided by 40?
38
What is the remainder when 19278840 is divided by 4819680?
120
What is the remainder when 6525 is divided by 1515?
465
What is the remainder when 15763630 is divided by 2171?
2170
Calculate the remainder when 1594980 is divided by 261.
9
What is the remainder when 74892748 is divided by 4911?
4909
Calculate the remainder when 7161646 is divided by 89.
83
Calculate the remainder when 1531364 is divided by 127607.
80
What is the remainder when 1874422 is divided by 247?
186
What is the remainder when 7228108 is divided by 7228089?
19
Calculate the remainder when 807150 is divided by 63.
57
Calculate the remainder when 103461 is divided by 3466.
2947
What is the remainder when 54220867 is divided by 2685?
2662
What is the remainder when 1163241 is divided by 89433?
612
What is the remainder when 90073 is divided by 401?
249
Calculate the remainder when 2700984 is divided by 141.
129
What is the remainder when 12122177 is divided by 31003?
4
Calculate the remainder when 259909 is divided by 64804.
693
What is the remainder when 191878147 is divided by 25?
22
Calculate the remainder when 46433469 is divided by 2832.
2829
What is the remainder when 28749 is divided by 50?
49
What is the remainder when 9177686 is divided by 2837?
2828
Calculate the remainder when 2777748 is divided by 1025.
1023
Calculate the remainder when 341604 is divided by 132.
120
What is the remainder when 237667 is divided by 59416?
3
Calculate the remainder when 225437061 is divided by 2152.
2149
What is the remainder when 8904186 is divided by 12131?
32
What is the remainder when 37210466 is divided by 10817?
10803
What is the remainder when 865827 is divided by 147?
144
Calculate the remainder when 8610987 is divided by 1580.
1567
Calculate the remainder when 579429 is divided by 36.
9
Calculate the remainder when 63411 is divided by 756.
663
Calculate the remainder when 2561996 is divided by 118.
98
Calculate the remainder when 133496 is divided by 648.
8
Calculate the remainder when 12282044 is divided by 192.
188
Calculate the remainder when 990278 is divided by 10.
8
Calculate the remainder when 11294247 is divided by 15.
12
What is the remainder when 4722598 is divided by 1435?
13
What is the remainder when 31301769 is divided by 3808?
9
Calculate the remainder when 249474508 is divided by 18.
16
Calculate the remainder when 87621 is divided by 2611.
1458
Calculate the remainder when 18601428 is divided by 539.
538
What is the remainder when 107065 is divided by 21241?
860
What is the remainder when 409953 is divided by 6948?
21
What is the remainder when 1644993 is divided by 71509?
286
Calculate the remainder when 18779737 is divided by 3129951.
31
What is the remainder when 4162690 is divided by 87?
1
What is the remainder when 51730356 is divided by 1154?
1152
Calculate the remainder when 709493216 is divided by 257.
255
Calculate the remainder when 20051 is divided by 4904.
435
What is the remainder when 1930485 is divided by 386096?
5
Calculate the remainder when 5130651 is divided by 226.
225
What is the remainder when 12261258 is divided by 1964?
6
What is the remainder when 573741 is divided by 1475?
1441
Calculate the remainder when 1189019 is divided by 79.
69
Calculate the remainder when 15081229 is divided by 41.
35
Calculate the remainder when 20088 is divided by 10042.
4
Calculate the remainder when 22929330 is divided by 7.
4
What is the remainder when 18832974 is divided by 115?
114
What is the remainder when 3010674 is divided by 534?
516
Calculate the remainder when 1085752 is divided by 3770.
3762
What is the remainder when 1241410 is divided by 1229?
120
Calculate the remainder when 5407638 is divided by 49611.
39
Calculate the remainder when 344268 is divided by 1031.
945
Calculate the remainder when 10069785 is divided by 10.
5
Calculate the remainder when 256959 is divided by 7122.
567
What is the remainder when 2390631 is divided by 1?
0
Calculate the remainder when 56384 is divided by 26950.
2484
What is the remainder when 1448710 is divided by 76?
74
Calculate the remainder when 17427227 is divided by 546.
545
What is the remainder when 26795734 is divided by 92?
90
What is the remainder when 67669 is divided by 1330?
1169
What is the remainder when 7350 is divided by 935?
805
Calculate the remainder when 35288 is divided by 3425.
1038
Calculate the remainder when 1044968 is divided by 3110.
8
Calculate the remainder when 11383861 is divided by 15509.
255
What is the remainder when 1540773 is divided by 7337?
3
What is the remainder when 1582167 is divided by 2768?
1639
What is the remainder when 583566 is divided by 291732?
102
What is the remainder when 92431 is divided by 45718?
995
Calculate the remainder when 190759 is divided by 569.
144
What is the remainder when 29719 is divided by 28025?
1694
What is the remainder when 14295446 is divided by 188?
114
Calculate the remainder when 575161 is divided by 5782.
2743
Calculate the remainder when 6780115 is divided by 10447.
12
What is the remainder when 2786216 is divided by 77388?
248
What is the remainder when 2363092 is divided by 94522?
42
Calculate the remainder when 90757258 is divided by 396.
394
What is the remainder when 467655 is divided by 785?
580
What is the remainder when 1469812 is divided by 660?
652
What is the remainder when 24174 is divided by 26?
20
What 